{"id":1073,"date":"2019-02-05T08:26:06","date_gmt":"2019-02-05T11:26:06","guid":{"rendered":"https:\/\/isfda-sfe.infd.edu.ar\/sitio\/?page_id=1073"},"modified":"2025-10-08T18:02:46","modified_gmt":"2025-10-08T21:02:46","slug":"formularios","status":"publish","type":"page","link":"https:\/\/isfda-sfe.infd.edu.ar\/sitio\/formularios\/","title":{"rendered":"Formularios"},"content":{"rendered":"<p><span style=\"color: #000000;\"><strong>PARA ALUMNOS&nbsp;<\/strong><\/span>&nbsp;<\/p>\n\n\n<div class=\"wp-block-file\"><a id=\"wp-block-file--media-8262579a-cf14-4844-b944-9dba3508044d\" href=\"https:\/\/isfda-sfe.infd.edu.ar\/sitio\/wp-content\/uploads\/2022\/03\/NOTA-SOLICITUD-CERTIFICADO-ESTUDIOS-INCOMPLETOS.ANALITICO.pdf\">Solicitud de estudios incompletos. Anal\u00edtico&nbsp;<\/a><a href=\"https:\/\/isfda-sfe.infd.edu.ar\/sitio\/wp-content\/uploads\/2022\/03\/NOTA-SOLICITUD-CERTIFICADO-ESTUDIOS-INCOMPLETOS.ANALITICO.pdf\" class=\"wp-block-file__button wp-element-button\" download aria-describedby=\"wp-block-file--media-8262579a-cf14-4844-b944-9dba3508044d\">Descarga<\/a><\/div>\n\n\n\n<div class=\"wp-block-file\"><a id=\"wp-block-file--media-6fba0c53-c22d-489f-85ac-ad2eda30d02a\" href=\"https:\/\/isfda-sfe.infd.edu.ar\/sitio\/wp-content\/uploads\/2022\/03\/NOTA-SOLICITUD-MESAS-ESPECIALES.pdf\">Solicitud Mesas Especiales<\/a><a href=\"https:\/\/isfda-sfe.infd.edu.ar\/sitio\/wp-content\/uploads\/2022\/03\/NOTA-SOLICITUD-MESAS-ESPECIALES.pdf\" class=\"wp-block-file__button wp-element-button\" download aria-describedby=\"wp-block-file--media-6fba0c53-c22d-489f-85ac-ad2eda30d02a\">Descarga<\/a><\/div>\n\n\n\n<div class=\"wp-block-file\"><a id=\"wp-block-file--media-c6d45d6c-24bc-40c1-8619-293013b36659\" href=\"https:\/\/isfda-sfe.infd.edu.ar\/sitio\/wp-content\/uploads\/2022\/03\/NOTA-SOLICITUD-HOMOLOGACIONES.pdf\">Solicitud de homologaciones&nbsp;<\/a><a href=\"https:\/\/isfda-sfe.infd.edu.ar\/sitio\/wp-content\/uploads\/2022\/03\/NOTA-SOLICITUD-HOMOLOGACIONES.pdf\" class=\"wp-block-file__button wp-element-button\" download aria-describedby=\"wp-block-file--media-c6d45d6c-24bc-40c1-8619-293013b36659\">Descarga<\/a><\/div>\n\n\n\n<div class=\"wp-block-file\"><a id=\"wp-block-file--media-c99e0eb1-b6e1-4d89-b467-1f9f9da27780\" href=\"https:\/\/isfda-sfe.infd.edu.ar\/sitio\/wp-content\/uploads\/2025\/10\/Solicitud-Inscripcion.pdf\">Solicitud Inscripci\u00f3n<\/a><a href=\"https:\/\/isfda-sfe.infd.edu.ar\/sitio\/wp-content\/uploads\/2025\/10\/Solicitud-Inscripcion.pdf\" class=\"wp-block-file__button wp-element-button\" download aria-describedby=\"wp-block-file--media-c99e0eb1-b6e1-4d89-b467-1f9f9da27780\">Descarga<\/a><\/div>\n\n\n\n<div class=\"wp-block-file\"><a id=\"wp-block-file--media-490a3dfe-fa7e-41d1-bd2f-27d8283fb361\" href=\"https:\/\/isfda-sfe.infd.edu.ar\/sitio\/wp-content\/uploads\/2025\/04\/boleto-educativo.pdf\">Boleto educativo. Solicitud de excepci\u00f3n<\/a><a href=\"https:\/\/isfda-sfe.infd.edu.ar\/sitio\/wp-content\/uploads\/2025\/04\/boleto-educativo.pdf\" class=\"wp-block-file__button wp-element-button\" download aria-describedby=\"wp-block-file--media-490a3dfe-fa7e-41d1-bd2f-27d8283fb361\">Descarga<\/a><\/div>\n\n\n\n<p><\/p>\n\n\n\n<p><strong><mark style=\"background-color:rgba(0, 0, 0, 0)\" class=\"has-inline-color has-black-color\">PARA DOCENTES<\/mark><\/strong><\/p>\n\n\n\n<div class=\"wp-block-file\"><a id=\"wp-block-file--media-3a7826fe-cd64-4dc1-af34-1d3fd327c57e\" href=\"https:\/\/isfda-sfe.infd.edu.ar\/sitio\/wp-content\/uploads\/2022\/03\/NOTA-SOLICITUD-ADSCRIPCIONES.pdf\">Nota Solicitud Adscripciones. Pdf<\/a><a href=\"https:\/\/isfda-sfe.infd.edu.ar\/sitio\/wp-content\/uploads\/2022\/03\/NOTA-SOLICITUD-ADSCRIPCIONES.pdf\" class=\"wp-block-file__button wp-element-button\" download aria-describedby=\"wp-block-file--media-3a7826fe-cd64-4dc1-af34-1d3fd327c57e\">Descarga<\/a><\/div>\n\n\n\n<div class=\"wp-block-file\"><a id=\"wp-block-file--media-d7a04f2f-1ad4-468a-aab4-3da92a590f33\" href=\"https:\/\/isfda-sfe.infd.edu.ar\/sitio\/wp-content\/uploads\/2025\/02\/NOTA-SOLICITUD-DE-ADSCRIPCION.docx\">Nota Solicitud Adscripciones. Word<\/a><a href=\"https:\/\/isfda-sfe.infd.edu.ar\/sitio\/wp-content\/uploads\/2025\/02\/NOTA-SOLICITUD-DE-ADSCRIPCION.docx\" class=\"wp-block-file__button wp-element-button\" download aria-describedby=\"wp-block-file--media-d7a04f2f-1ad4-468a-aab4-3da92a590f33\">Descarga<\/a><\/div>\n\n\n\n<div class=\"wp-block-file\"><a id=\"wp-block-file--media-58efa2a5-8f23-4c7a-9399-f51e09636299\" href=\"https:\/\/isfda-sfe.infd.edu.ar\/sitio\/wp-content\/uploads\/2022\/03\/Formulario-LA-01-solicitud-de-licencia.pdf\">Solicitud de Licencia administrativa-LA<\/a><a href=\"https:\/\/isfda-sfe.infd.edu.ar\/sitio\/wp-content\/uploads\/2022\/03\/Formulario-LA-01-solicitud-de-licencia.pdf\" class=\"wp-block-file__button wp-element-button\" download aria-describedby=\"wp-block-file--media-58efa2a5-8f23-4c7a-9399-f51e09636299\">Descarga<\/a><\/div>\n\n\n\n<div class=\"wp-block-file\"><a id=\"wp-block-file--media-3cebe3fa-eda2-4d7e-a791-8c4c233e9189\" href=\"https:\/\/isfda-sfe.infd.edu.ar\/sitio\/wp-content\/uploads\/2025\/04\/Modelo-certificado-medico.pdf\">Certificado m\u00e9dico<\/a><a href=\"https:\/\/isfda-sfe.infd.edu.ar\/sitio\/wp-content\/uploads\/2025\/04\/Modelo-certificado-medico.pdf\" class=\"wp-block-file__button wp-element-button\" download aria-describedby=\"wp-block-file--media-3cebe3fa-eda2-4d7e-a791-8c4c233e9189\">Descarga<\/a><\/div>\n\n\n\n<div class=\"wp-block-file\"><a id=\"wp-block-file--media-ce83a7b6-18ed-4a7d-9f32-5976c3beb7f2\" href=\"https:\/\/isfda-sfe.infd.edu.ar\/sitio\/wp-content\/uploads\/2025\/04\/Certificado-Atencion-Familiar-Enfermo.pdf\">Certificado m\u00e9dico. Atenci\u00f3n Familiar Enfermo<\/a><a href=\"https:\/\/isfda-sfe.infd.edu.ar\/sitio\/wp-content\/uploads\/2025\/04\/Certificado-Atencion-Familiar-Enfermo.pdf\" class=\"wp-block-file__button wp-element-button\" download aria-describedby=\"wp-block-file--media-ce83a7b6-18ed-4a7d-9f32-5976c3beb7f2\">Descarga<\/a><\/div>\n\n\n\n<div class=\"wp-block-file\"><a id=\"wp-block-file--media-ccdf19b1-5a97-4292-a491-442d4c586dea\" href=\"https:\/\/isfda-sfe.infd.edu.ar\/sitio\/wp-content\/uploads\/2022\/03\/Certificado-de-Desempeno-en-el-cargo-de-mayor-jerarquia-CD.pdf\">Solicitud Constancia de Desempe\u00f1o cargo mayor jerarqu\u00eda-CD<\/a><a href=\"https:\/\/isfda-sfe.infd.edu.ar\/sitio\/wp-content\/uploads\/2022\/03\/Certificado-de-Desempeno-en-el-cargo-de-mayor-jerarquia-CD.pdf\" class=\"wp-block-file__button wp-element-button\" download aria-describedby=\"wp-block-file--media-ccdf19b1-5a97-4292-a491-442d4c586dea\">Descarga<\/a><\/div>\n\n\n\n<div class=\"wp-block-file\"><a id=\"wp-block-file--media-3ac3030f-96b7-4724-bf52-308ce76ee223\" href=\"https:\/\/isfda-sfe.infd.edu.ar\/sitio\/wp-content\/uploads\/2022\/03\/CONSTANCIA-DE-DESEMPENO-educacion-artistica.pdf\">Solicitud Constancia de Desempe\u00f1o de Educaci\u00f3n Art\u00edstica<\/a><a href=\"https:\/\/isfda-sfe.infd.edu.ar\/sitio\/wp-content\/uploads\/2022\/03\/CONSTANCIA-DE-DESEMPENO-educacion-artistica.pdf\" class=\"wp-block-file__button wp-element-button\" download aria-describedby=\"wp-block-file--media-3ac3030f-96b7-4724-bf52-308ce76ee223\">Descarga<\/a><\/div>\n\n\n\n<div class=\"wp-block-file\"><a id=\"wp-block-file--media-ca151bdb-b2ab-4c68-a22a-825d09a0d74a\" href=\"https:\/\/isfda-sfe.infd.edu.ar\/sitio\/wp-content\/uploads\/2022\/04\/Certificacion-de-Desempeno-de-Cargos-y_u-Horas-Catedra.pdf\">Certificaci\u00f3n de Desempe\u00f1o de Cargos y\/u Horas-Catedra<\/a><a href=\"https:\/\/isfda-sfe.infd.edu.ar\/sitio\/wp-content\/uploads\/2022\/04\/Certificacion-de-Desempeno-de-Cargos-y_u-Horas-Catedra.pdf\" class=\"wp-block-file__button wp-element-button\" download aria-describedby=\"wp-block-file--media-ca151bdb-b2ab-4c68-a22a-825d09a0d74a\">Descarga<\/a><\/div>\n","protected":false},"excerpt":{"rendered":"<p>PARA ALUMNOS&nbsp;&nbsp; PARA DOCENTES<\/p>\n","protected":false},"author":229,"featured_media":0,"parent":0,"menu_order":0,"comment_status":"closed","ping_status":"closed","template":"","meta":[],"acf":[],"_links":{"self":[{"href":"https:\/\/isfda-sfe.infd.edu.ar\/sitio\/wp-json\/wp\/v2\/pages\/1073"}],"collection":[{"href":"https:\/\/isfda-sfe.infd.edu.ar\/sitio\/wp-json\/wp\/v2\/pages"}],"about":[{"href":"https:\/\/isfda-sfe.infd.edu.ar\/sitio\/wp-json\/wp\/v2\/types\/page"}],"author":[{"embeddable":true,"href":"https:\/\/isfda-sfe.infd.edu.ar\/sitio\/wp-json\/wp\/v2\/users\/229"}],"replies":[{"embeddable":true,"href":"https:\/\/isfda-sfe.infd.edu.ar\/sitio\/wp-json\/wp\/v2\/comments?post=1073"}],"version-history":[{"count":21,"href":"https:\/\/isfda-sfe.infd.edu.ar\/sitio\/wp-json\/wp\/v2\/pages\/1073\/revisions"}],"predecessor-version":[{"id":3194,"href":"https:\/\/isfda-sfe.infd.edu.ar\/sitio\/wp-json\/wp\/v2\/pages\/1073\/revisions\/3194"}],"wp:attachment":[{"href":"https:\/\/isfda-sfe.infd.edu.ar\/sitio\/wp-json\/wp\/v2\/media?parent=1073"}],"curies":[{"name":"wp","href":"https:\/\/api.w.org\/{rel}","templated":true}]}}