{"id":776,"date":"2018-07-10T12:52:32","date_gmt":"2018-07-10T15:52:32","guid":{"rendered":"https:\/\/isfda-sfe.infd.edu.ar\/sitio\/?page_id=776"},"modified":"2026-03-14T19:24:54","modified_gmt":"2026-03-14T22:24:54","slug":"plan-de-estudio","status":"publish","type":"page","link":"https:\/\/isfda-sfe.infd.edu.ar\/sitio\/plan-de-estudio\/","title":{"rendered":"Plan de Estudio | Disposici\u00f3n 2\/2011"},"content":{"rendered":"\n<p><\/p>\n\n\n\n<p><strong>Primer a\u00f1o<\/strong><\/p>\n\n\n\n<figure class=\"wp-block-table\"><table><tbody><tr><td><strong>UNIDAD CURRICULAR<\/strong><\/td><td><strong>FORMATO CURRICULAR<\/strong><\/td><\/tr><tr><td>Audioperceptiva I<\/td><td>&nbsp;Taller<\/td><\/tr><tr><td>Pr\u00e1ctica de Conjunto vocal instrumental I<\/td><td>&nbsp;Taller<\/td><\/tr><tr><td>Instrumento I (guitarra &#8211; piano &#8211; viol\u00edn &#8211; flauta traversa)<\/td><td>&nbsp;Taller<\/td><\/tr><\/tbody><\/table><\/figure>\n\n\n\n<p><strong>Segundo a\u00f1o<\/strong><\/p>\n\n\n\n<figure class=\"wp-block-table\"><table><tbody><tr><td><strong>UNIDAD CURRICULAR<\/strong><\/td><td><strong>FORMATO CURRICULAR<\/strong><\/td><\/tr><tr><td>Audioperceptiva II<\/td><td>&nbsp;Taller<\/td><\/tr><tr><td>Pr\u00e1ctica de Conjunto vocal instrumental II<\/td><td>&nbsp;Taller<\/td><\/tr><tr><td>Instrumento II (guitarra &#8211; piano &#8211; viol\u00edn &#8211; flauta traversa)<\/td><td>&nbsp;Taller<\/td><\/tr><tr><td>Canto<\/td><td> Taller<\/td><\/tr><\/tbody><\/table><\/figure>\n","protected":false},"excerpt":{"rendered":"<p>Primer a\u00f1o UNIDAD CURRICULAR FORMATO CURRICULAR Audioperceptiva I &nbsp;Taller Pr\u00e1ctica de Conjunto vocal instrumental I &nbsp;Taller Instrumento I (guitarra &#8211; piano &#8211; viol\u00edn &#8211; flauta traversa) &nbsp;Taller Segundo a\u00f1o UNIDAD CURRICULAR FORMATO CURRICULAR Audioperceptiva II &nbsp;Taller Pr\u00e1ctica de Conjunto vocal instrumental II &nbsp;Taller Instrumento II (guitarra &#8211; piano &#8211; viol\u00edn &#8211; flauta traversa) &nbsp;Taller Canto &#8230; <a title=\"Plan de Estudio | Disposici\u00f3n 2\/2011\" class=\"read-more\" href=\"https:\/\/isfda-sfe.infd.edu.ar\/sitio\/plan-de-estudio\/\" aria-label=\"More on Plan de Estudio | Disposici\u00f3n 2\/2011\">[+]<\/a><\/p>\n","protected":false},"author":229,"featured_media":0,"parent":0,"menu_order":0,"comment_status":"closed","ping_status":"closed","template":"","meta":[],"acf":[],"_links":{"self":[{"href":"https:\/\/isfda-sfe.infd.edu.ar\/sitio\/wp-json\/wp\/v2\/pages\/776"}],"collection":[{"href":"https:\/\/isfda-sfe.infd.edu.ar\/sitio\/wp-json\/wp\/v2\/pages"}],"about":[{"href":"https:\/\/isfda-sfe.infd.edu.ar\/sitio\/wp-json\/wp\/v2\/types\/page"}],"author":[{"embeddable":true,"href":"https:\/\/isfda-sfe.infd.edu.ar\/sitio\/wp-json\/wp\/v2\/users\/229"}],"replies":[{"embeddable":true,"href":"https:\/\/isfda-sfe.infd.edu.ar\/sitio\/wp-json\/wp\/v2\/comments?post=776"}],"version-history":[{"count":2,"href":"https:\/\/isfda-sfe.infd.edu.ar\/sitio\/wp-json\/wp\/v2\/pages\/776\/revisions"}],"predecessor-version":[{"id":3431,"href":"https:\/\/isfda-sfe.infd.edu.ar\/sitio\/wp-json\/wp\/v2\/pages\/776\/revisions\/3431"}],"wp:attachment":[{"href":"https:\/\/isfda-sfe.infd.edu.ar\/sitio\/wp-json\/wp\/v2\/media?parent=776"}],"curies":[{"name":"wp","href":"https:\/\/api.w.org\/{rel}","templated":true}]}}