{"id":810,"date":"2018-06-29T19:13:52","date_gmt":"2018-06-29T22:13:52","guid":{"rendered":"https:\/\/isfda-sfe.infd.edu.ar\/sitio\/autoridades\/"},"modified":"2026-03-14T15:42:47","modified_gmt":"2026-03-14T18:42:47","slug":"autoridades","status":"publish","type":"page","link":"https:\/\/isfda-sfe.infd.edu.ar\/sitio\/autoridades\/","title":{"rendered":"AUTORIDADES PROVINCIALES"},"content":{"rendered":"\n<p class=\"has-text-align-center\"><strong><em>Ministerio de&nbsp;Cultura de la Pcia de Santa Fe&nbsp;<\/em><\/strong><\/p>\n\n\n\n<p><strong><strong><span style=\"font-size: 16.0pt; color: blue;\">Ministra de C<\/span><i><span style=\"font-size: 16.0pt; color: blue;\">ultura<\/span><\/i><\/strong><\/strong><\/p>\n\n\n\n<p>Sra. Susana Rueda<\/p>\n\n\n\n<p><strong><em>\u00a0<strong><strong><span style=\"font-size: 16.0pt; color: blue;\">Subsecretar\u00eda de Educaci\u00f3n Art\u00edstica<\/span><\/strong><\/strong>\u00a0<\/em><\/strong><\/p>\n\n\n\n<p>Dr. Mart\u00edn Illia<\/p>\n\n\n\n<p><strong><strong><i><span style=\"font-size: 16.0pt; color: blue;\">Supervisor<\/span><\/i><\/strong><\/strong><\/p>\n\n\n\n<p>Prof. Pablo Fossa<\/p>\n\n\n\n<p class=\"has-text-align-center\"><\/p>\n\n\n\n<h3 class=\"wp-block-heading has-text-align-left\"><strong>AUTORIDADES DEL ISFD EN ART<\/strong>ES N\u00b0 5074<\/h3>\n\n\n\n<p><strong><i><span style=\"font-size: 16.0pt; color: blue;\">Directora<\/span><\/i><\/strong><\/p>\n\n\n\n<p>Prof. Mg. Natalia Cereijo<\/p>\n\n\n\n<p><em><b><span style=\"font-size: 16.0pt;\"><span style=\"font-size: 16.0pt; color: blue;\">Secretaria<\/span><\/span><\/b><\/em><\/p>\n\n\n\n<p>Prof. Emilia Martinez<\/p>\n\n\n\n<p><em><b><span style=\"font-size: 16.0pt; color: blue;\">Nivel Superior<\/span><\/b><\/em><\/p>\n\n\n\n<p><em><b><span style=\"font-size: 16.0pt; color: blue;\">Regentes<\/span><\/b><\/em><\/p>\n\n\n\n<p>Prof. Mg. Carla Bonora<\/p>\n\n\n\n<p>Prof. Sebasti\u00e1n Molina<\/p>\n\n\n\n<p><em><b><span style=\"font-size: 16.0pt; color: blue;\">&nbsp;Nivel Secundario<\/span><\/b><\/em><\/p>\n\n\n\n<p><em><b><span style=\"font-size: 16.0pt; color: blue;\">Vicedirectora<\/span><\/b><\/em><\/p>\n\n\n\n<p>Prof. Milva Bosch<\/p>\n\n\n\n<hr class=\"wp-block-separator has-alpha-channel-opacity\"\/>\n\n\n\n<p><span><span style=\"font-style: italic; font-weight: bold; font-size: 16pt; color: blue;\">Jefaturas de secci\u00f3n<\/span><\/span><\/p>\n\n\n\n<ul>\n<li><strong>Profesorado de Artes Visuales con orientaci\u00f3n en producci\u00f3n:<\/strong> Prof. Marcos Nocentti<\/li>\n\n\n\n<li><strong>Profesorado de Teatro<\/strong>: Prof. Elda Soledad Ortiz<\/li>\n\n\n\n<li><strong>Profesorado de Danza con orientaci\u00f3n en danza contempor\u00e1nea<\/strong>: Prof. Valeria Vega<\/li>\n\n\n\n<li><strong>Profesorado de M\u00fasica<\/strong>: Prof. Jos\u00e9 Luis Lobo<\/li>\n\n\n\n<li><strong>Pr\u00e1cticas docentes<\/strong>: Prof. Marilina Nardelli | Prof. Mar\u00eda Florencia Contreras<\/li>\n<\/ul>\n","protected":false},"excerpt":{"rendered":"<p>Ministerio de&nbsp;Cultura de la Pcia de Santa Fe&nbsp; Ministra de Cultura Sra. Susana Rueda \u00a0Subsecretar\u00eda de Educaci\u00f3n Art\u00edstica\u00a0 Dr. Mart\u00edn Illia Supervisor Prof. Pablo Fossa AUTORIDADES DEL ISFD EN ARTES N\u00b0 5074 Directora Prof. Mg. Natalia Cereijo Secretaria Prof. Emilia Martinez Nivel Superior Regentes Prof. Mg. Carla Bonora Prof. Sebasti\u00e1n Molina &nbsp;Nivel Secundario Vicedirectora Prof. &#8230; <a title=\"AUTORIDADES PROVINCIALES\" class=\"read-more\" href=\"https:\/\/isfda-sfe.infd.edu.ar\/sitio\/autoridades\/\" aria-label=\"More on AUTORIDADES PROVINCIALES\">[+]<\/a><\/p>\n","protected":false},"author":229,"featured_media":0,"parent":0,"menu_order":0,"comment_status":"closed","ping_status":"closed","template":"","meta":[],"acf":[],"_links":{"self":[{"href":"https:\/\/isfda-sfe.infd.edu.ar\/sitio\/wp-json\/wp\/v2\/pages\/810"}],"collection":[{"href":"https:\/\/isfda-sfe.infd.edu.ar\/sitio\/wp-json\/wp\/v2\/pages"}],"about":[{"href":"https:\/\/isfda-sfe.infd.edu.ar\/sitio\/wp-json\/wp\/v2\/types\/page"}],"author":[{"embeddable":true,"href":"https:\/\/isfda-sfe.infd.edu.ar\/sitio\/wp-json\/wp\/v2\/users\/229"}],"replies":[{"embeddable":true,"href":"https:\/\/isfda-sfe.infd.edu.ar\/sitio\/wp-json\/wp\/v2\/comments?post=810"}],"version-history":[{"count":21,"href":"https:\/\/isfda-sfe.infd.edu.ar\/sitio\/wp-json\/wp\/v2\/pages\/810\/revisions"}],"predecessor-version":[{"id":3420,"href":"https:\/\/isfda-sfe.infd.edu.ar\/sitio\/wp-json\/wp\/v2\/pages\/810\/revisions\/3420"}],"wp:attachment":[{"href":"https:\/\/isfda-sfe.infd.edu.ar\/sitio\/wp-json\/wp\/v2\/media?parent=810"}],"curies":[{"name":"wp","href":"https:\/\/api.w.org\/{rel}","templated":true}]}}