{"id":842,"date":"2018-06-29T19:14:11","date_gmt":"2018-06-29T22:14:11","guid":{"rendered":"https:\/\/isfda-sfe.infd.edu.ar\/sitio\/profesorado-de-teatro\/"},"modified":"2024-03-12T19:29:56","modified_gmt":"2024-03-12T22:29:56","slug":"profesorado-de-teatro","status":"publish","type":"page","link":"https:\/\/isfda-sfe.infd.edu.ar\/sitio\/profesorado-de-teatro\/","title":{"rendered":"Profesorado de Teatro"},"content":{"rendered":"<p style=\"text-align: center;\"><span style=\"color: #339966;\"><strong><span style=\"font-size: 14pt;\">ESTRUCTURA CURRICULAR POR A\u00d1O Y POR CAMPO DE FORMACI\u00d3N<\/span><\/strong><\/span><\/p>\n<table border=\"1\" cellspacing=\"0\" cellpadding=\"0\" align=\"left\">\n<tbody>\n<tr style=\"background-color: #71f862;\">\n<td style=\"text-align: center;\" colspan=\"2\" valign=\"top\" width=\"642\"><strong>PRIMER\u00a0<\/strong><strong>A\u00d1O<\/strong><\/td>\n<\/tr>\n<tr>\n<td style=\"text-align: center;\" valign=\"top\" width=\"352\"><strong>Unidad curricular<\/strong><\/td>\n<td style=\"text-align: center;\" valign=\"top\" width=\"290\"><strong>Formato curricular<\/strong><\/td>\n<\/tr>\n<tr>\n<td colspan=\"2\" valign=\"top\" width=\"642\"><strong>CAMPO DE LA FORMACI\u00d3N GENERAL<\/strong><\/td>\n<\/tr>\n<tr>\n<td valign=\"top\" width=\"352\">PEDAGOG\u00cdA Y DID\u00c1CTICA<\/td>\n<td valign=\"top\" width=\"290\">MATERIA<\/td>\n<\/tr>\n<tr>\n<td valign=\"top\" width=\"352\">PSICOLOG\u00cdA Y EDUCACI\u00d3N<\/td>\n<td valign=\"top\" width=\"290\">MATERIA<\/td>\n<\/tr>\n<tr>\n<td valign=\"top\" width=\"352\">PROBLEM\u00c1TICA DE LA CULTURA\u00a0ARGENTINA Y LATINOAMERICANA<\/td>\n<td valign=\"top\" width=\"290\">TALLER<\/td>\n<\/tr>\n<tr>\n<td valign=\"top\" width=\"352\">MOVIMIENTO Y CUERPO I<\/td>\n<td valign=\"top\" width=\"290\">TALLER<\/td>\n<\/tr>\n<tr>\n<td colspan=\"2\" valign=\"top\" width=\"642\"><strong>CAMPO DE LA FORMACI\u00d3N ESPECIFICA<\/strong><\/td>\n<\/tr>\n<tr>\n<td valign=\"top\" width=\"352\">TALLER DE ACTUACI\u00d3N I<\/td>\n<td valign=\"top\" width=\"290\">TALLER<\/td>\n<\/tr>\n<tr>\n<td valign=\"top\" width=\"352\">TEORIA TEATRAL<\/td>\n<td valign=\"top\" width=\"290\">MATERIA<\/td>\n<\/tr>\n<tr>\n<td valign=\"top\" width=\"352\">TEATRO DE ANIMACI\u00d3N<\/td>\n<td valign=\"top\" width=\"290\">TALLER<\/td>\n<\/tr>\n<tr>\n<td valign=\"top\" width=\"352\">TEATRO Y LITERATURA DRAM\u00c1TICA I<\/td>\n<td valign=\"top\" width=\"290\">MATERIA<\/td>\n<\/tr>\n<tr>\n<td valign=\"top\" width=\"352\">SEMINARIO<\/td>\n<td valign=\"top\" width=\"290\">\u00a0<\/td>\n<\/tr>\n<tr>\n<td colspan=\"2\" valign=\"top\" width=\"642\"><strong>CAMPO DE LA FORMACI\u00d3N EN LA PR\u00c1CTICA PROFESIONAL<\/strong><\/td>\n<\/tr>\n<tr>\n<td valign=\"top\" width=\"352\">TALLER DE PR\u00c1CTICA I<\/td>\n<td valign=\"top\" width=\"290\">TALLER<\/td>\n<\/tr>\n<\/tbody>\n<\/table>\n<table border=\"1\" cellspacing=\"0\" cellpadding=\"0\">\n<tbody>\n<tr style=\"background-color: #71f862;\">\n<td style=\"text-align: center;\" colspan=\"2\" valign=\"top\" width=\"642\"><strong>SEGUNDO A\u00d1O<\/strong><\/td>\n<\/tr>\n<tr>\n<td style=\"text-align: center;\" valign=\"top\" width=\"347\"><strong>Unidad curricular<\/strong><\/td>\n<td style=\"text-align: center;\" valign=\"top\" width=\"295\"><strong>Formato curricular<\/strong><\/td>\n<\/tr>\n<tr>\n<td colspan=\"2\" valign=\"top\" width=\"642\"><strong>CAMPO DE LA FORMACI\u00d3N GENERAL<\/strong><\/td>\n<\/tr>\n<tr>\n<td valign=\"top\" width=\"347\">FILOSOF\u00cdA<\/td>\n<td valign=\"top\" width=\"295\">MATERIA<\/td>\n<\/tr>\n<tr>\n<td valign=\"top\" width=\"347\">MOVIMIENTO Y CUERPO II<\/td>\n<td valign=\"top\" width=\"295\">TALLER<\/td>\n<\/tr>\n<tr>\n<td valign=\"top\" width=\"347\">SEMINARIO<\/td>\n<td valign=\"top\" width=\"295\">\u00a0<\/td>\n<\/tr>\n<tr>\n<td colspan=\"2\" valign=\"top\" width=\"642\"><strong>CAMPO DE LA FORMACI\u00d3N ESPECIFICA<\/strong><\/td>\n<\/tr>\n<tr>\n<td valign=\"top\" width=\"347\">DID\u00c1CTICA ESPEC\u00cdFICA I<\/td>\n<td valign=\"top\" width=\"295\">MATERIA<\/td>\n<\/tr>\n<tr>\n<td valign=\"top\" width=\"347\">TALLER DE ACTUACI\u00d3N II<\/td>\n<td valign=\"top\" width=\"295\">TALLER<\/td>\n<\/tr>\n<tr>\n<td valign=\"top\" width=\"347\">METODOLOG\u00cdA DE LA ACTUACI\u00d3N I<\/td>\n<td valign=\"top\" width=\"295\">MATERIA<\/td>\n<\/tr>\n<tr>\n<td valign=\"top\" width=\"347\">ESTETICA DEL TEATRO DE T\u00cdTERES Y OBJETOS<\/td>\n<td valign=\"top\" width=\"295\">MATERIA<\/td>\n<\/tr>\n<tr>\n<td valign=\"top\" width=\"347\">TEATRO Y LITERATURA DRAM\u00c1TICA II<\/td>\n<td valign=\"top\" width=\"295\">MATERIA<\/td>\n<\/tr>\n<tr>\n<td valign=\"top\" width=\"347\">LECTURA Y ESCRITURA DE TEXTOS ACAD\u00c9MICOS<\/td>\n<td valign=\"top\" width=\"295\">MATERIA<\/td>\n<\/tr>\n<tr>\n<td valign=\"top\" width=\"347\">EDI I<\/td>\n<td valign=\"top\" width=\"295\">TALLER<\/td>\n<\/tr>\n<tr>\n<td colspan=\"2\" valign=\"top\" width=\"642\"><strong>CAMPO DE LA FORMACI\u00d3N EN LA PR\u00c1CTICA PROFESIONAL<\/strong><\/td>\n<\/tr>\n<tr>\n<td valign=\"top\" width=\"347\">TALLER DE PR\u00c1CTICA II<\/td>\n<td valign=\"top\" width=\"295\">TALLER<\/td>\n<\/tr>\n<tr>\n<td valign=\"top\" width=\"347\">\u00a0<\/td>\n<td valign=\"top\" width=\"295\">\u00a0<\/td>\n<\/tr>\n<\/tbody>\n<\/table>\n<table border=\"1\" cellspacing=\"0\" cellpadding=\"0\">\n<tbody>\n<tr style=\"background-color: #71f862;\">\n<td style=\"text-align: center;\" colspan=\"2\" valign=\"top\" width=\"642\"><strong>TERCER A\u00d1O<\/strong><\/td>\n<\/tr>\n<tr>\n<td style=\"text-align: center;\" valign=\"top\" width=\"352\"><strong>Unidad curricular<\/strong><\/td>\n<td style=\"text-align: center;\" valign=\"top\" width=\"290\"><strong>Formato curricular<\/strong><\/td>\n<\/tr>\n<tr>\n<td colspan=\"2\" valign=\"top\" width=\"642\"><strong>CAMPO DE LA FORMACI\u00d3N GENERAL<\/strong><\/td>\n<\/tr>\n<tr>\n<td valign=\"top\" width=\"352\">TECNOLOG\u00cdAS DE LA INFORMACI\u00d3N Y LA COMUNICACI\u00d3N<\/td>\n<td valign=\"top\" width=\"290\">MATERIA<\/td>\n<\/tr>\n<tr>\n<td valign=\"top\" width=\"352\">HISTORIA SOCIAL DE LA EDUCACI\u00d3N Y POL\u00cdTICA EDUCATIVA ARGENTINA<\/td>\n<td valign=\"top\" width=\"290\">MATERIA<\/td>\n<\/tr>\n<tr>\n<td colspan=\"2\" valign=\"top\" width=\"642\"><strong>CAMPO DE LA FORMACI\u00d3N ESPECIFICA<\/strong><\/td>\n<\/tr>\n<tr>\n<td valign=\"top\" width=\"352\">DID\u00c1CTICA ESPEC\u00cdFICA II<\/td>\n<td valign=\"top\" width=\"290\">MATERIA<\/td>\n<\/tr>\n<tr>\n<td valign=\"top\" width=\"352\">TALLER DE ACTUACI\u00d3N III<\/td>\n<td valign=\"top\" width=\"290\">TALLER<\/td>\n<\/tr>\n<tr>\n<td valign=\"top\" width=\"352\">METODOLOG\u00cdA DE LA ACTUACI\u00d3N II<\/td>\n<td valign=\"top\" width=\"290\">MATERIA<\/td>\n<\/tr>\n<tr>\n<td valign=\"top\" width=\"352\">TALLER DE CUERPO ESC\u00c9NICO<\/td>\n<td valign=\"top\" width=\"290\">TALLER<\/td>\n<\/tr>\n<tr>\n<td valign=\"top\" width=\"352\">TEATRO Y LITERATURA DRAM\u00c1TICA III<\/td>\n<td valign=\"top\" width=\"290\">MATERIA<\/td>\n<\/tr>\n<tr>\n<td valign=\"top\" width=\"352\">SUJETO DE LA EDUCACI\u00d3N<\/td>\n<td valign=\"top\" width=\"290\">MATERIA<\/td>\n<\/tr>\n<tr>\n<td valign=\"top\" width=\"352\">\u00a0<\/td>\n<td valign=\"top\" width=\"290\">\u00a0<\/td>\n<\/tr>\n<tr>\n<td colspan=\"2\" valign=\"top\" width=\"642\"><strong>CAMPO DE LA FORMACI\u00d3N EN LA PR\u00c1CTICA PROFESIONAL<\/strong><\/td>\n<\/tr>\n<tr>\n<td valign=\"top\" width=\"352\">TALLER DE PRACTICA III<\/td>\n<td valign=\"top\" width=\"290\">TALLER<\/td>\n<\/tr>\n<tr>\n<td valign=\"top\" width=\"352\">SEMINARIO<\/td>\n<td valign=\"top\" width=\"290\">\u00a0<\/td>\n<\/tr>\n<\/tbody>\n<\/table>\n<table border=\"1\" cellspacing=\"0\" cellpadding=\"0\">\n<tbody>\n<tr style=\"background-color: #71f862;\">\n<td style=\"text-align: center;\" colspan=\"2\" valign=\"top\" width=\"642\"><strong>CUARTO A\u00d1O<\/strong><\/td>\n<\/tr>\n<tr>\n<td style=\"text-align: center;\" valign=\"top\" width=\"351\"><strong>Unidad curricular<\/strong><\/td>\n<td style=\"text-align: center;\" valign=\"top\" width=\"291\"><strong>Formato curricular<\/strong><\/td>\n<\/tr>\n<tr>\n<td colspan=\"2\" valign=\"top\" width=\"642\"><strong>CAMPO DE LA FORMACI\u00d3N GENERAL<\/strong><\/td>\n<\/tr>\n<tr>\n<td valign=\"top\" width=\"351\">\u00c9TICA, TRABAJO DOCENTE, DERECHOS HUMANOS Y CIUDADAN\u00cdA<\/td>\n<td valign=\"top\" width=\"291\">MATERIA<\/td>\n<\/tr>\n<tr>\n<td valign=\"top\" width=\"351\">EST\u00c9TICA CONTEMPOR\u00c1NEAS<\/td>\n<td valign=\"top\" width=\"291\">MATERIA<\/td>\n<\/tr>\n<tr>\n<td colspan=\"2\" valign=\"top\" width=\"642\"><strong>CAMPO DE LA FORMACI\u00d3N ESPECIFICA<\/strong><\/td>\n<\/tr>\n<tr>\n<td valign=\"top\" width=\"351\">ESPECIALIZACI\u00d3N EN PO\u00c9TICAS Y T\u00c9CNICAS TEATRALES<\/td>\n<td valign=\"top\" width=\"291\">TALLER<\/td>\n<\/tr>\n<tr>\n<td valign=\"top\" width=\"351\">PROYECTO DE INVESTIGACI\u00d3N TEATRAL<\/td>\n<td valign=\"top\" width=\"291\">MATERIA<\/td>\n<\/tr>\n<tr>\n<td valign=\"top\" width=\"351\">PROYECTO DE EXPERIMENTACI\u00d3N EN MONTAJE ESCENICO<\/td>\n<td valign=\"top\" width=\"291\">TALLER<\/td>\n<\/tr>\n<tr>\n<td valign=\"top\" width=\"351\">PROBLEM\u00c1TICAS SOCIO-CULTURALES CONTEMPOR\u00c1NEAS<\/td>\n<td valign=\"top\" width=\"291\">\u00a0<\/td>\n<\/tr>\n<tr>\n<td valign=\"top\" width=\"351\">EDI II<\/td>\n<td valign=\"top\" width=\"291\">TALLER<\/td>\n<\/tr>\n<tr>\n<td colspan=\"2\" valign=\"top\" width=\"642\"><strong>CAMPO DE LA FORMACI\u00d3N EN LA PR\u00c1CTICA PROFESIONAL<\/strong><\/td>\n<\/tr>\n<tr>\n<td valign=\"top\" width=\"351\">TALLER DE PR\u00c1CTICA IV<\/td>\n<td valign=\"top\" width=\"291\">TALLER<\/td>\n<\/tr>\n<tr>\n<td valign=\"top\" width=\"351\">SEMINARIO<\/td>\n<td valign=\"top\" width=\"291\">\u00a0<\/td>\n<\/tr>\n<\/tbody>\n<\/table>\n<div class=\"wp-block-file\"><a style=\"font-size: 0.8em; display: inline !important;\" href=\"https:\/\/isfda-sfe.infd.edu.ar\/sitio\/wp-content\/uploads\/2024\/03\/TEATRO.-REGIMEN-CORRELATIVIDADES-.-2022.pdf\">TEATRO. REGIMEN CORRELATIVIDADES . 2022<\/a><a style=\"font-size: 0.8em; display: inline !important;\" href=\"https:\/\/isfda-sfe.infd.edu.ar\/sitio\/wp-content\/uploads\/2022\/12\/TEATRO.-REGIMEN-CORRELATIVIDADES-.-2022.pdf\" target=\"_blank\" rel=\"noopener\">\u00a0<\/a><\/div>\n<p>Decreto N\u00b0 4199\/15: Reglamento Acad\u00e9mico Marco \u2013 Res. ME N\u00ba 1711\/14-Res. MIyC N\u00ba 473\/14 \u2013 Disp. N\u00ba 8\/22<\/p>\n<p style=\"text-align: center;\">\u00a0<\/p>\n\n\n<p class=\"has-drop-cap\"><\/p>\n","protected":false},"excerpt":{"rendered":"<p>ESTRUCTURA CURRICULAR POR A\u00d1O Y POR CAMPO DE FORMACI\u00d3N PRIMER\u00a0A\u00d1O Unidad curricular Formato curricular CAMPO DE LA FORMACI\u00d3N GENERAL PEDAGOG\u00cdA Y DID\u00c1CTICA MATERIA PSICOLOG\u00cdA Y EDUCACI\u00d3N MATERIA PROBLEM\u00c1TICA DE LA CULTURA\u00a0ARGENTINA Y LATINOAMERICANA TALLER MOVIMIENTO Y CUERPO I TALLER CAMPO DE LA FORMACI\u00d3N ESPECIFICA TALLER DE ACTUACI\u00d3N I TALLER TEORIA TEATRAL MATERIA TEATRO DE ANIMACI\u00d3N &#8230; <a title=\"Profesorado de Teatro\" class=\"read-more\" href=\"https:\/\/isfda-sfe.infd.edu.ar\/sitio\/profesorado-de-teatro\/\" aria-label=\"More on Profesorado de Teatro\">[+]<\/a><\/p>\n","protected":false},"author":229,"featured_media":0,"parent":0,"menu_order":0,"comment_status":"closed","ping_status":"closed","template":"","meta":[],"acf":[],"_links":{"self":[{"href":"https:\/\/isfda-sfe.infd.edu.ar\/sitio\/wp-json\/wp\/v2\/pages\/842"}],"collection":[{"href":"https:\/\/isfda-sfe.infd.edu.ar\/sitio\/wp-json\/wp\/v2\/pages"}],"about":[{"href":"https:\/\/isfda-sfe.infd.edu.ar\/sitio\/wp-json\/wp\/v2\/types\/page"}],"author":[{"embeddable":true,"href":"https:\/\/isfda-sfe.infd.edu.ar\/sitio\/wp-json\/wp\/v2\/users\/229"}],"replies":[{"embeddable":true,"href":"https:\/\/isfda-sfe.infd.edu.ar\/sitio\/wp-json\/wp\/v2\/comments?post=842"}],"version-history":[{"count":12,"href":"https:\/\/isfda-sfe.infd.edu.ar\/sitio\/wp-json\/wp\/v2\/pages\/842\/revisions"}],"predecessor-version":[{"id":2497,"href":"https:\/\/isfda-sfe.infd.edu.ar\/sitio\/wp-json\/wp\/v2\/pages\/842\/revisions\/2497"}],"wp:attachment":[{"href":"https:\/\/isfda-sfe.infd.edu.ar\/sitio\/wp-json\/wp\/v2\/media?parent=842"}],"curies":[{"name":"wp","href":"https:\/\/api.w.org\/{rel}","templated":true}]}}